 a composite number?
False
Is 157242193 a prime number?
False
Is 60711779 a composite number?
True
Is 10312657 prime?
True
Is 27060971 a composite number?
True
Is 9587083 a composite number?
True
Is 205122677 composite?
False
Is 8334241 a prime number?
True
Is 97797809 prime?
True
Is 24509711 prime?
False
Is 167116211 prime?
True
Is 22847297 a composite number?
True
Is 928633945 a composite number?
True
Is 1259845 a prime number?
False
Is 67057399 prime?
True
Is 49713927 a prime number?
False
Is 109704921 a composite number?
True
Is 160649309 prime?
True
Is 812234 a composite number?
True
Is 25708829 a composite number?
True
Is 268025779 a composite number?
True
Is 8848969 a prime number?
True
Is 4344661 a prime number?
False
Is 4368449 composite?
False
Is 973523 prime?
True
Is 668973301 a composite number?
False
Is 11675185 composite?
True
Is 383689 a prime number?
False
Is 29646847 a composite number?
False
Is 10348817 a prime number?
True
Is 198701 a composite number?
False
Is 604093319 prime?
True
Is 12539729 prime?
True
Is 60596587 composite?
True
Is 66439579 prime?
True
Is 363708959 a composite number?
True
Is 8285269 composite?
False
Is 13213187 a composite number?
True
Is 1380690361 a composite number?
True
Is 47344377 prime?
False
Is 6731357 a prime number?
False
Is 234044751 a composite number?
True
Is 16504993 composite?
False
Is 32076487 composite?
True
Is 6674431 a prime number?
False
Is 1727927 prime?
False
Is 85708397 prime?
False
Is 656844365 a prime number?
False
Is 2695493 prime?
True
Is 2300873 composite?
True
Is 2540203 prime?
True
Is 83333 composite?
True
Is 224313 prime?
False
Is 60222889 a composite number?
True
Is 483565601 a composite number?
True
Is 47074317 composite?
True
Is 579947 prime?
True
Is 173450039 composite?
True
Is 4459303 a composite number?
False
Is 18078061 a composite number?
False
Is 204355511 prime?
False
Is 3309259 prime?
False
Is 11385911 a composite number?
True
Is 1360041 a prime number?
False
Is 128242307 a prime number?
True
Is 4897313 prime?
False
Is 21401267 a prime number?
False
Is 20592953 composite?
False
Is 17538817 a prime number?
True
Is 15331891 a prime number?
True
Is 2864287 prime?
False
Is 103835759 composite?
False
Is 57116377 composite?
True
Is 14800871 a composite number?
False
Is 229509331 prime?
True
Is 913903 prime?
False
Is 83078207 a composite number?
True
Is 238279889 prime?
False
Is 430254421 prime?
True
Is 44286839 a composite number?
False
Is 858563 a prime number?
True
Is 3113767 prime?
True
Is 1217123 prime?
False
Is 1362869251 a composite number?
False
Is 110356297 composite?
True
Is 350347 prime?
True
Is 60445923 prime?
False
Is 669821 prime?
False
Is 116275337 prime?
True
Is 2073607 a composite number?
False
Is 242813 composite?
False
Is 181817039 composite?
False
Is 709277 prime?
False
Is 60942551 a prime number?
True
Is 595443703 a prime number?
False
Is 37923659 composite?
False
Is 674187689 a composite number?
True
Is 179456423 composite?
False
Is 11457011 a prime number?
False
Is 370845367 a composite number?
False
Is 178355 a prime number?
False
Is 5775431 a composite number?
False
Is 49241909 prime?
False
Is 12626177 prime?
False
Is 97872449 a prime number?
False
Is 85369 composite?
False
Is 730049 composite?
False
Is 2437881 composite?
True
Is 18832633 composite?
False
Is 344118209 composite?
False
Is 26020729 a prime number?
False
Is 54675967 a prime number?
False
Is 581447 a prime number?
True
Is 4216607 prime?
True
Is 3504991 a composite number?
True
Is 216169129 a prime number?
False
Is 312901777 prime?
True
Is 32978039 prime?
True
Is 139390921 prime?
False
Is 456847 composite?
True
Is 2533823 prime?
False
Is 63419767 composite?
True
Is 28967707 prime?
False
Is 56320909 prime?
True
Is 181720499 a prime number?
False
Is 30287545 prime?
False
Is 815717 a prime number?
False
Is 11992111 composite?
False
Is 2513731 a prime number?
False
Is 902029 a composite number?
False
Is 1079391979 prime?
True
Is 2039129 a composite number?
True
Is 1202189 a composite number?
True
Is 245723939 composite?
False
Is 72546101 prime?
True
Is 5712859 a composite number?
False
Is 6519599 a composite number?
True
Is 1270021 prime?
False
Is 3567983 composite?
False
Is 335741443 composite?
False
Is 2512673 a prime number?
True
Is 17959321 prime?
True
Is 44079169 a prime number?
True
Is 3768097 prime?
True
Is 1043453 prime?
True
Is 9689 a composite number?
False
Is 6438785 prime?
False
Is 153077227 a composite number?
False
Is 75479479 prime?
False
Is 2839087 composite?
False
Is 169738453 a composite number?
True
Is 167923513 a prime number?
True
Is 469809866 a composite number?
True
Is 1004851 a composite number?
True
Is 1368771069 composite?
True
Is 71182799 a prime number?
True
Is 85088507 a prime number?
False
Is 27789439 a composite number?
True
Is 8764423 a composite number?
False
Is 22913923 composite?
True
Is 176868949 a prime number?
False
Is 8166209 composite?
False
Is 106295111 composite?
True
Is 121839899 a composite number?
False
Is 133030867 prime?
True
Is 298997 composite?
True
Is 1706587 prime?
False
Is 414675181 a composite number?
False
Is 43954 a prime number?
False
Is 56788279 composite?
True
Is 44325763 a composite number?
False
Is 15743263 composite?
False
Is 52843039 composite?
False
Is 6585721 a composite number?
False
Is 1166629 a composite number?
True
Is 9296071 a composite number?
True
Is 2483543 a prime number?
True
Is 273176573 a prime number?
True
Is 88312461 prime?
False
Is 2724647 a composite number?
True
Is 1522411 a composite number?
True
Is 60757 a composite number?
False
Is 73321211 a prime number?
False
Is 695963623 a composite number?
True
Is 2560069 composite?
True
Is 90034751 prime?
False
Is 2944463 composite?
False
Is 16427486 a prime number?
False
Is 40304741 a prime number?
True
Is 1631483 a prime number?
False
Is 51097 composite?
True
Is 3349661 composite?
True
Is 35243133 composite?
True
Is 4054331 composite?
False
Is 16072489 a composite number?
False
Is 5815001 a prime number?
False
Is 81760199 prime?
True
Is 1922977 a composite number?
True
Is 18404467 a composite number?
False
Is 120747713 prime?
True
Is 438811 a prime number?
False
Is 11958083 prime?
True
Is 31801895 a composite number?
True
Is 543539401 a prime number?
True
Is 2957887 a prime number?
False
Is 210806807 a composite number?
False
Is 30872333 a prime number?
True
Is 104860835 a prime number?
False
Is 5545543 a prime number?
True
Is 822502 a prime number?
False
Is 53894759 composite?
True
Is 63967573 a composite number?
True
Is 530466747 a composite number?
True
Is 341793407 a composite number?
False
Is 4515729 prime?
False
Is 21923149 composite?
True
Is 27016337 a composite number?
False
Is 89812193 a composite number?
False
Is 24502949 a composite number?
False
Is 16118489 prime?
False
Is 101376239 prime?
False
Is 24446077 a composite number?
False
Is 1950041 composite?
True
Is 159581767 prime?
False
Is 19894711 prime?
True
Is 1577759 composite?
False
Is 2288717 composite?
True
Is 215034767 a composite number?
True
Is 88754447 composite?
True
Is 111909121 a composite number?
True
Is 619015 a composite number?
True
Is 1879298 composite?
True
Is 116050399 a prime number?
True
Is 1033833 a prime number?
False
Is 1517917 composite?
False
Is 15259691 a prime number?
True
Is 395240491 composite?
False
Is 31432721 prime?
False
Is 354266779 composite?
False
Is 16912381 a composite number?
False
Is 18777331 a prime number?
False
Is 5253163 a composite number?
True
Is 293450591 a composite number?
True
Is 25167547 a composite number?
False
Is 17798729 prime?
False
Is 7996423 a composite number?
False
Is 34404694 a composite number?
True
Is 6436919 a prime number?
True
Is 36193723 prime?
False
Is 1391605 a composite number?
True
Is 7867157 a composite number?
True
Is 25824251 prime?
True
Is 1039762 composite?
True
Is 18271263 a prime number?
False
Is 202145015 a prime number?
False
Is 201505489 composite?
False
Is 118495643 a prime number?
False
Is 19065901 composite?
False
Is 13541218 prime?
False
Is 155767 a composite number?
True
Is 54225419 prime?
False
Is 12005489 a composite number?
False
Is 19286 a prime number?
False
Is 68791 prime?
True
Is 8890601 a composite num